{"id":2,"date":"2017-09-13T19:25:23","date_gmt":"2017-09-13T19:25:23","guid":{"rendered":"http:\/\/inetese.mmdunlimited.com\/inetese\/?page_id=2"},"modified":"2017-09-29T21:11:43","modified_gmt":"2017-09-29T20:11:43","slug":"sample-page","status":"publish","type":"page","link":"https:\/\/inetese.mmdunlimited.com\/inetese\/","title":{"rendered":"In\u00edcio"},"content":{"rendered":"<p>[vc_row type=&#8221;vc_default&#8221; full_width=&#8221;stretch_row_content&#8221; full_height=&#8221;yes&#8221; columns_placement=&#8221;top&#8221; content_placement=&#8221;middle&#8221; bg_type=&#8221;image&#8221; parallax_style=&#8221;vcpb-default&#8221; bg_image_new=&#8221;id^19|url^http:\/\/inetese.mmdunlimited.com\/inetese\/wp-content\/uploads\/2017\/09\/site-background-light.jpg|caption^null|alt^site-background-light|title^site-background-light|description^null&#8221; bg_image_repeat=&#8221;no-repeat&#8221; bg_override=&#8221;ex-full&#8221; enable_overlay=&#8221;enable_overlay_value&#8221; overlay_color=&#8221;#000000&#8243; overlay_pattern=&#8221;01.png&#8221; overlay_pattern_opacity=&#8221;90&#8243;][vc_column][vc_row_inner content_placement=&#8221;top&#8221;][vc_column_inner]<div class=\"ult-just-icon-wrapper  \"><div class=\"align-icon\" style=\"text-align:right;\">\n<a class=\"aio-tooltip 69e0e56513770\" href = \"http:\/\/www.portal2.inetese.pt\/portal\/\"   title='' data-toggle=\"tooltip\" data-placement=\"\"><div class=\"aio-icon none \"  style=\"color:#ffffff;font-size:32px;display:inline-block;\">\n\t<i class=\"Defaults-close remove times\"><\/i>\n<\/div><\/a><\/div><\/div>[\/vc_column_inner][\/vc_row_inner][vc_row_inner content_placement=&#8221;top&#8221; css=&#8221;.vc_custom_1505338957489{margin-top: 110px !important;}&#8221;][vc_column_inner css=&#8221;.vc_custom_1505339083663{padding-top: 0px !important;padding-right: 0px !important;padding-left: 0px !important;background-image: url(http:\/\/inetese.mmdunlimited.com\/inetese\/wp-content\/uploads\/2017\/09\/banner.jpg?id=25) !important;background-position: center !important;background-repeat: no-repeat !important;background-size: cover !important;}&#8221;][vc_single_image image=&#8221;31&#8243; img_size=&#8221;full&#8221; alignment=&#8221;center&#8221; image_hovers=&#8221;false&#8221; css=&#8221;.vc_custom_1505339354544{margin-bottom: 240px !important;}&#8221;][\/vc_column_inner][\/vc_row_inner][vc_row_inner css=&#8221;.vc_custom_1505339435321{background-color: #ffffff !important;}&#8221;][vc_column_inner css=&#8221;.vc_custom_1505339909100{padding-top: 50px !important;padding-bottom: 50px !important;}&#8221;]<div id=\"ultimate-heading-129369e0e56513819\" class=\"uvc-heading ult-adjust-bottom-margin ultimate-heading-129369e0e56513819 uvc-1090 \" data-hspacer=\"line_only\"  data-halign=\"center\" style=\"text-align:center\"><div class=\"uvc-main-heading ult-responsive\"  data-ultimate-target='.uvc-heading.ultimate-heading-129369e0e56513819 h2'  data-responsive-json-new='{\"font-size\":\"desktop:40px;\",\"line-height\":\"\"}' ><h2 style=\"font-family:&#039;Roboto&#039;;font-weight:700;\">APROVEITE ESTA OPORTUNIDADE<\/h2><\/div><div class=\"uvc-heading-spacer line_only\" style=\"margin-top:30px;margin-bottom:36px;height:2px;\"><span class=\"uvc-headings-line\" style=\"border-style:solid;border-bottom-width:2px;border-color:#f4511e;width:100px;\"><\/span><\/div><div class=\"uvc-sub-heading ult-responsive\"  data-ultimate-target='.uvc-heading.ultimate-heading-129369e0e56513819 .uvc-sub-heading '  data-responsive-json-new='{\"font-size\":\"desktop:20px;\",\"line-height\":\"\"}'  style=\"font-family:&#039;Roboto&#039;;font-weight:100;\"><\/p>\n<p style=\"text-align: center;\">Empregados \/ Desempregados \/ Subs\u00eddio de alimenta\u00e7\u00e3o<br \/>\nM\u00f3dulos de 25 horas em hor\u00e1rio p\u00f3s-laboral<br \/>\nCertificado de forma\u00e7\u00e3o de acordo com DGERT e C\u00f3digo de Trabalho.<\/p>\n<p><\/div><\/div>[\/vc_column_inner][\/vc_row_inner][vc_row_inner equal_height=&#8221;yes&#8221; css=&#8221;.vc_custom_1505347360837{margin-bottom: 1870px !important;background-color: #f5f5f5 !important;}&#8221;][vc_column_inner width=&#8221;1\/4&#8243;][\/vc_column_inner][vc_column_inner width=&#8221;1\/4&#8243; css=&#8221;.vc_custom_1505346543506{padding-top: 50px !important;padding-bottom: 30px !important;}&#8221;]<div id=\"ultimate-heading-965369e0e565138b5\" class=\"uvc-heading ult-adjust-bottom-margin ultimate-heading-965369e0e565138b5 uvc-8760 \" data-hspacer=\"line_only\"  data-halign=\"left\" style=\"text-align:left\"><div class=\"uvc-main-heading ult-responsive\"  data-ultimate-target='.uvc-heading.ultimate-heading-965369e0e565138b5 h2'  data-responsive-json-new='{\"font-size\":\"desktop:32px;\",\"line-height\":\"\"}' ><h2 style=\"font-family:&#039;Roboto&#039;;font-weight:700;\">RESERVE J\u00c1 \/ INFORME-SE<\/h2><\/div><div class=\"uvc-heading-spacer line_only\" style=\"margin-top:30px;margin-bottom:36px;height:2px;\"><span class=\"uvc-headings-line\" style=\"border-style:solid;border-bottom-width:2px;border-color:#f4511e;width:100px;\"><\/span><\/div><div class=\"uvc-sub-heading ult-responsive\"  data-ultimate-target='.uvc-heading.ultimate-heading-965369e0e565138b5 .uvc-sub-heading '  data-responsive-json-new='{\"font-size\":\"desktop:16px;\",\"line-height\":\"\"}'  style=\"font-family:&#039;Roboto&#039;;font-weight:100;margin-bottom:36px;\">Saiba tudo sobre todos os cursos perto de si.<br \/>\nReserve j\u00e1 a sua pr\u00e9-inscri\u00e7\u00e3o gratuita.<\/div><\/div><div role=\"form\" class=\"wpcf7\" id=\"wpcf7-f5-o1\" lang=\"pt-PT\" dir=\"ltr\">\n<div class=\"screen-reader-response\"><\/div>\n<form action=\"\/inetese\/wp-json\/wp\/v2\/pages\/2#wpcf7-f5-o1\" method=\"post\" class=\"wpcf7-form\" novalidate=\"novalidate\">\n<div style=\"display: none;\">\n<input type=\"hidden\" name=\"_wpcf7\" value=\"5\" \/>\n<input type=\"hidden\" name=\"_wpcf7_version\" value=\"4.9\" \/>\n<input type=\"hidden\" name=\"_wpcf7_locale\" value=\"pt_PT\" \/>\n<input type=\"hidden\" name=\"_wpcf7_unit_tag\" value=\"wpcf7-f5-o1\" \/>\n<input type=\"hidden\" name=\"_wpcf7_container_post\" value=\"0\" \/>\n<\/div>\n<p><label><span class=\"wpcf7-form-control-wrap your-name\"><input type=\"text\" name=\"your-name\" value=\"\" size=\"40\" class=\"wpcf7-form-control wpcf7-text wpcf7-validates-as-required\" aria-required=\"true\" aria-invalid=\"false\" placeholder=\"Nome\" \/><\/span> <\/label><\/p>\n<p><label><span class=\"wpcf7-form-control-wrap your-tel\"><input type=\"tel\" name=\"your-tel\" value=\"\" size=\"40\" class=\"wpcf7-form-control wpcf7-text wpcf7-tel wpcf7-validates-as-required wpcf7-validates-as-tel\" aria-required=\"true\" aria-invalid=\"false\" placeholder=\"Telefone\" \/><\/span> <\/label><\/p>\n<p><input type=\"submit\" value=\"QUERO SER CONTACTADO\" class=\"wpcf7-form-control wpcf7-submit\" \/><\/p>\n<p>Desejo ser contactado nas pr\u00f3ximas 24h.<\/p>\n<div class=\"wpcf7-response-output wpcf7-display-none\"><\/div><\/form><\/div><div class=\" vc_custom_1505345929354 ubtn-ctn-left \"><a class=\"ubtn-link ult-adjust-bottom-margin ubtn-left ubtn-normal \"  rel='' href = \"tel:932709805\" ><button type=\"button\" id=\"ubtn-2288\" class=\"ubtn ult-adjust-bottom-margin ult-responsive ubtn-normal ubtn-no-hover-bg  none  ubtn-left   tooltip-69e0e565145c9\"  data-hover=\"#ffffff\" data-border-color=\"\" data-bg=\"#f4511e\" data-hover-bg=\"#00bbd3\" data-border-hover=\"\" data-shadow-hover=\"\" data-shadow-click=\"none\" data-shadow=\"\" data-shd-shadow=\"\"  data-ultimate-target='#ubtn-2288'  data-responsive-json-new='{\"font-size\":\"desktop:14px;\",\"line-height\":\"\"}'  style=\"font-family:&#039;Roboto&#039;;font-weight:700;border:none;background: #f4511e;color: #ffffff;\"><span class=\"ubtn-hover\" style=\"background-color:#00bbd3\"><\/span><span class=\"ubtn-data ubtn-text \" >LIGAR J\u00c1! 932 709 805<\/span><\/button><\/a><\/div>[vc_column_text]N\u00e3o quero perder esta oportunidade.[\/vc_column_text][\/vc_column_inner][vc_column_inner width=&#8221;1\/2&#8243; css=&#8221;.vc_custom_1505347083849{padding-top: 262px !important;background-image: url(http:\/\/inetese.mmdunlimited.com\/inetese\/wp-content\/uploads\/2017\/09\/sala.jpg?id=53) !important;background-position: center !important;background-repeat: no-repeat !important;background-size: cover !important;}&#8221;][\/vc_column_inner][\/vc_row_inner][\/vc_column][\/vc_row]<\/p>\n","protected":false},"excerpt":{"rendered":"<p>[vc_row type=&#8221;vc_default&#8221; full_width=&#8221;stretch_row_content&#8221; full_height=&#8221;yes&#8221; columns_placement=&#8221;top&#8221; content_placement=&#8221;middle&#8221; bg_type=&#8221;image&#8221; parallax_style=&#8221;vcpb-default&#8221; bg_image_new=&#8221;id^19|url^http:\/\/inetese.mmdunlimited.com\/inetese\/wp-content\/uploads\/2017\/09\/site-background-light.jpg|caption^null|alt^site-background-light|title^site-background-light|description^null&#8221; bg_image_repeat=&#8221;no-repeat&#8221; bg_override=&#8221;ex-full&#8221; enable_overlay=&#8221;enable_overlay_value&#8221; overlay_color=&#8221;#000000&#8243; overlay_pattern=&#8221;01.png&#8221; overlay_pattern_opacity=&#8221;90&#8243;][vc_column][vc_row_inner content_placement=&#8221;top&#8221;][vc_column_inner][\/vc_column_inner][\/vc_row_inner][vc_row_inner content_placement=&#8221;top&#8221; css=&#8221;.vc_custom_1505338957489{margin-top: 110px !important;}&#8221;][vc_column_inner css=&#8221;.vc_custom_1505339083663{padding-top: 0px !important;padding-right: 0px !important;padding-left: 0px !important;background-image: url(http:\/\/inetese.mmdunlimited.com\/inetese\/wp-content\/uploads\/2017\/09\/banner.jpg?id=25) !important;background-position: center !important;background-repeat: no-repeat !important;background-size: cover !important;}&#8221;][vc_single_image image=&#8221;31&#8243; img_size=&#8221;full&#8221; alignment=&#8221;center&#8221; image_hovers=&#8221;false&#8221; css=&#8221;.vc_custom_1505339354544{margin-bottom: 240px !important;}&#8221;][\/vc_column_inner][\/vc_row_inner][vc_row_inner css=&#8221;.vc_custom_1505339435321{background-color: #ffffff !important;}&#8221;][vc_column_inner css=&#8221;.vc_custom_1505339909100{padding-top: 50px !important;padding-bottom: 50px !important;}&#8221;][\/vc_column_inner][\/vc_row_inner][vc_row_inner equal_height=&#8221;yes&#8221; css=&#8221;.vc_custom_1505347360837{margin-bottom: 1870px !important;background-color: #f5f5f5&hellip;<\/p>\n","protected":false},"author":1,"featured_media":0,"parent":0,"menu_order":0,"comment_status":"closed","ping_status":"open","template":"template-microsite.php","meta":[],"class_list":["post-2","page","type-page","status-publish","hentry","description-off"],"_links":{"self":[{"href":"https:\/\/inetese.mmdunlimited.com\/inetese\/wp-json\/wp\/v2\/pages\/2","targetHints":{"allow":["GET"]}}],"collection":[{"href":"https:\/\/inetese.mmdunlimited.com\/inetese\/wp-json\/wp\/v2\/pages"}],"about":[{"href":"https:\/\/inetese.mmdunlimited.com\/inetese\/wp-json\/wp\/v2\/types\/page"}],"author":[{"embeddable":true,"href":"https:\/\/inetese.mmdunlimited.com\/inetese\/wp-json\/wp\/v2\/users\/1"}],"replies":[{"embeddable":true,"href":"https:\/\/inetese.mmdunlimited.com\/inetese\/wp-json\/wp\/v2\/comments?post=2"}],"version-history":[{"count":82,"href":"https:\/\/inetese.mmdunlimited.com\/inetese\/wp-json\/wp\/v2\/pages\/2\/revisions"}],"predecessor-version":[{"id":100,"href":"https:\/\/inetese.mmdunlimited.com\/inetese\/wp-json\/wp\/v2\/pages\/2\/revisions\/100"}],"wp:attachment":[{"href":"https:\/\/inetese.mmdunlimited.com\/inetese\/wp-json\/wp\/v2\/media?parent=2"}],"curies":[{"name":"wp","href":"https:\/\/api.w.org\/{rel}","templated":true}]}}